 453 = m. What is the units digit of k?
1
Let a = -41 + 19. Let k be (-1140)/a + 10/55. Suppose k = 6*i - 2*i. What is the units digit of i?
3
Suppose -4*d + 5*y + 325 = d, 0 = -5*d + 2*y + 337. Let q = 100 - d. What is the tens digit of q*4*(-1)/(-4)?
3
Let s(n) = -2*n - 4. Let b be (1/3)/((-1)/6). Let x be s(b). Suppose x = o - 3*o + 70. What is the tens digit of o?
3
Suppose 0 = -3*u - u + f + 18270, u - 4*f = 4575. What is the units digit of u?
7
What is the tens digit of -5 + 64 + -3 + -2?
5
Suppose -6058 = -39*o + 21359. What is the units digit of o?
3
Let v(g) = g**3 + 9*g**2 - 8. Let h be v(-9). Let l = h - -29. Let t = l - 8. What is the tens digit of t?
1
Let r = -48 + 47. What is the hundreds digit of (265/(-5)*r)/(1/3)?
1
Suppose 5*r - 3*h = 11689, 0 = -2*r - 11*h + 12*h + 4676. What is the units digit of r?
9
Let k(a) = -4 - 13 - 41 - 20 - 12*a. What is the tens digit of k(-12)?
6
Suppose -1011 = -0*p - p + 3*j, -4*j = 0. What is the tens digit of p?
1
Let v(u) = 76*u - 55. What is the tens digit of v(6)?
0
Let h(v) = 32*v**2 + 25*v + 144. What is the thousands digit of h(-7)?
1
Let t be (0 - 552/6)*(-14)/2. Let k = t - 415. What is the tens digit of k?
2
Let i(c) = 89*c**3 + c**2 - 2*c. Let o(y) = y**2 - 12*y + 12. Let b be o(11). What is the tens digit of i(b)?
8
Suppose -l = 3*d - 4258 - 1987, -4*l = -4*d + 8316. What is the hundreds digit of d?
0
Let r(u) = -6*u. Let z be r(3). Let m(c) = -10*c - 14. Let b be m(-6). Let o = b + z. What is the tens digit of o?
2
Let h(j) = j**2 + 15*j + 19. Let a be h(-14). Let n = a - -16. What is the units digit of n?
1
Let x be 3*6*(-18)/(-27). What is the units digit of (70 - x/(-4)) + 2?
5
Let p(q) = 429*q**2 + 3*q + 4. What is the units digit of p(-1)?
0
Suppose 74*c - 75*c + 5 = 0. Suppose 149 = o - 0*o - 3*l, -c*o - 4*l + 650 = 0. What is the tens digit of o?
3
Let f(b) = -13*b - 9. What is the tens digit of f(-16)?
9
Suppose 12*r + 6*r - 13500 = 0. What is the tens digit of r?
5
Let c = -11 - -475. What is the units digit of c?
4
Let r(f) = f**2 + 11. Let d be r(-4). Let n = d + 10. What is the tens digit of n?
3
Let p be 1*3/(-15) + 33/15. Suppose -4*a - p*a = -108. What is the tens digit of a?
1
Let g(n) = -n**3 - 7*n**2 - 6*n + 8. Suppose 4*c + 0*c = -24. Let p be g(c). Suppose 6 = x - p. What is the units digit of x?
4
Suppose -5*m - 11 = 4. Let l be (12/(-8))/(m/4). Suppose -i - 46 = -5*q, -l*q + 4*q + 4*i - 36 = 0. What is the tens digit of q?
1
Let x be -5*14*(-2)/5. Let p be 3 + -3 + (x - 0). Suppose 0 = -3*g + p - 7. What is the units digit of g?
7
Let r be (1/2)/(2/20). Suppose 294 = -2*k + 23*k. Let o = k + r. What is the units digit of o?
9
Suppose -s - 3*k = -91, 251 = 3*s - 7*k + 5*k. What is the units digit of s?
5
What is the units digit of (7434/45)/((-2)/(-5))?
3
Let b = 35 - 31. What is the units digit of 1100/(-30)*(-6)/b?
5
Suppose 6*v = 621 + 2649. What is the hundreds digit of v?
5
Let k(p) = -4*p**3 + 40*p**2 + 25*p - 52. Let s(v) = -v**3 + 10*v**2 + 6*v - 13. Let l(f) = -2*k(f) + 9*s(f). What is the hundreds digit of l(8)?
1
What is the units digit of 663/(-2)*(32/16 - 10)?
2
Let i = -151 - -88. What is the tens digit of (-3633)/i - 1/(-3)?
5
What is the units digit of (2040/8)/((-6 - -11) + -4)?
5
Let h(c) = 22*c + 3. Let i be h(1). Let b = 78 - i. What is the tens digit of b?
5
Let h(a) be the third derivative of -a**4/12 + 7*a**3/3 - 6*a**2. Let q be h(6). Suppose -3*m = -3*f + q*m + 119, 2*m + 38 = f. What is the units digit of f?
8
Let p(y) = 28*y**2 - 2*y + 5. What is the hundreds digit of p(-3)?
2
Let x be (0/((-1)/(-1)))/(-2). Suppose -o = -4 - 22. Suppose -4*f + x*f = -4*h + 92, -2*f = h - o. What is the units digit of h?
4
Let v = 6042 + -2346. What is the tens digit of v?
9
Let x(p) = -6*p**2 - 6 + 0*p + 8*p + 13*p**2 - 5*p**2. Let b be x(-6). Suppose -2*y + 10 = -b. What is the tens digit of y?
1
Suppose -x - 7*m + 2 = -2*m, 3*x + 3*m = 66. Suppose 87 = -5*n - 23. Let i = n + x. What is the units digit of i?
5
Suppose 3*t - 1297 - 3400 = -n, -n = 5*t - 4703. What is the tens digit of n?
8
What is the tens digit of -1 - 4/(-6) - 119840/(-321)?
7
Let k(x) = -2*x**2 + 6*x - 9. Let j be k(4). What is the units digit of (-3 - 8/(-4))*j?
7
Suppose 22320 = 18*x + 2916. What is the hundreds digit of x?
0
Let u(n) = -2*n - 14. Let c = -8 - 8. Let k be u(c). Suppose k + 35 = r + 3*a, 2*a = -2*r + 90. What is the units digit of r?
1
What is the units digit of (-1726)/((-9)/45*5)?
6
Suppose 0 = -10*i - 43 - 267. Let y = 60 + i. What is the units digit of y?
9
Let u(w) = -w**2 + 66*w - 114. What is the units digit of u(29)?
9
Let z(j) = 169*j - 289. What is the hundreds digit of z(11)?
5
Suppose 4*l - 110 = -158. What is the units digit of l/(-18) - (26/(-3))/2?
5
Let v be (-28)/(-8) - 3/2. Suppose n + 7*x - 2*x = 17, 0 = -4*n + v*x + 90. What is the tens digit of n?
2
Suppose -1772 = 8*f - 12*f. Let z = -191 + f. What is the tens digit of z?
5
What is the units digit of (-55836)/(-48) - -12 - (-1)/(-4)?
5
Suppose 0 = -2*l + 3*g + 10, -23 = -l - 3*g. Let w(h) = 6*h + 8. Let x be w(-1). Let i = x + l. What is the tens digit of i?
1
Let s(o) = o**3 + 31*o**2 - 81*o + 14. What is the hundreds digit of s(-32)?
5
Let g(z) = z**3 + 9*z**2 + 11*z + 14. Let o = 22 + -20. Suppose 0 = x + x + r + 10, 0 = 5*x + o*r + 27. What is the tens digit of g(x)?
3
What is the units digit of 1/(-8) - (-7492)/32?
4
Let b(z) = -8*z**3 + 9*z**2 + 15*z + 138. What is the hundreds digit of b(-8)?
6
Let y(d) = -d**3 - 16*d**2 - 14*d + 15. Let m be y(-15). Suppose m = -3*w + 5*w + 12. What is the tens digit of 4/w - (-130)/6?
2
Suppose -4*u - 5*j = 3 - 27, 4*u - 4*j - 60 = 0. Let n = -7 + u. What is the units digit of n?
4
Let q(s) = 15*s + 48 + 54 + 50 - 203 + 58. Let o(p) = p**3 - 5*p**2 + p - 2. Let m be o(5). What is the units digit of q(m)?
2
Suppose a = 1, -4*p - 19*a + 6148 = -15*a. What is the units digit of p?
6
Let r be 836/(-33) - (-5)/(30/(-4)). Let q(c) = -8*c - 82. What is the tens digit of q(r)?
2
Let j be 8*1/((-4)/(-68)). Suppose -4*y + j = -0*y. What is the units digit of ((-51)/y)/(3/(-52))?
6
Suppose 3*b = 5*x - 5025, 0*x = 4*x - 2*b - 4018. Suppose 11*a + x = 3191. What is the hundreds digit of a?
1
Let c = -168 - -992. What is the tens digit of c?
2
Let u = 83 - -4608. What is the units digit of u?
1
Suppose -30*g + 31*g - 3 = 0. What is the units digit of (-9)/g*(-46)/6?
3
Let r = 127 - 84. Let m = -26 + r. Let i = m + -7. What is the tens digit of i?
1
Let h(v) = v**2 + 8*v - 41. Suppose 4*n + 4*u = -80, -4*u + 0*u = n + 26. What is the hundreds digit of h(n)?
1
Suppose 41*j + 3448 = 49*j. What is the units digit of j?
1
What is the tens digit of (-406)/3*210/(-49)?
8
Let y be -2*(1 + -2)/((-14)/616). Let h = y - -143. What is the tens digit of h?
5
What is the hundreds digit of (18/7)/(5/1680)?
8
Let a be 3 + (-9)/(-3)*1. Suppose -440 = -16*v + a*v. What is the units digit of v?
4
Suppose -5*g - 4*j = -2*j + 16, -5*g - j - 18 = 0. Let b be g*(-14)/(-20)*5. What is the tens digit of (-4 - -3)*(b + 1)?
1
Suppose 26*i = 1171 + 77. What is the units digit of i?
8
Suppose 0 = -2*u + 814 + 466. Suppose -4*o = -0*o + h - u, 0 = o - 5*h - 139. Suppose 0*v = 2*c - 2*v - 90, -o = -3*c - 5*v. What is the units digit of c?
8
Suppose 2*x + 6 = -3*z + 1, 3 = -4*z + x. Let w(q) = -12*q**2. Let r be w(z). What is the tens digit of 114/7 - r/(-42)?
1
Let u = -5 + 7. Suppose -u*r + 5 = 1. What is the units digit of (-2 - r)*25/(-10)?
0
Let v = -4547 - -6555. What is the tens digit of v?
0
Let m be 7/(7/3) + -3. Suppose -1 + 0 = -z, 5*u - 4*z + 64 = m. Let a = u + 31. What is the units digit of a?
9
Suppose -4*x + 5*n = -3, 2*n - 5 = n. Suppose -3*u - x = -187. What is the tens digit of u?
6
Let o = -11 + 35. Let p = 14 - o. What is the units digit of p*(-2 + (-14)/(-10))?
6
Suppose -4*m = -x + 18, -x - 2*m - 10 = -2*x. Let z(d) = 3 - 8*d + 10*d - 2*d**x + 7*d**2. What is the units digit of z(-3)?
2
Suppose 15*g + 65 = 10*g. Let w = 75 + g. What is the units digit of w?
2
Let b(l) = -7*l + 4. Let u be b(-2). Let v = -34 - -6. What is the units digit of (v/(-3))/(6/u)?
8
Suppose -151 - 1236 = -3*j - i, 5*j + 2*i = 2311. What is the tens digit of j?
6
Let m be 1/(-3) + (-20)/(-6). 